{"id":182,"date":"2019-11-06T14:16:34","date_gmt":"2019-11-06T13:16:34","guid":{"rendered":"https:\/\/dev.tidee.mob-ion.net\/?page_id=182"},"modified":"2021-12-02T16:57:47","modified_gmt":"2021-12-02T15:57:47","slug":"tolerie-fine-sur-mesure","status":"publish","type":"page","link":"https:\/\/dev.tidee.mob-ion.net\/index.php\/tolerie-fine-sur-mesure\/","title":{"rendered":"T\u00f4lerie fine sur mesure"},"content":{"rendered":"<p>La t\u00f4lerie industrielle tient une place de choix dans la m\u00e9tallurgie. Il s&rsquo;agit d&rsquo;un secteur qui r\u00e9pond aux besoins croissants des entreprises, \u00e0 qui elle fournit le mat\u00e9riau n\u00e9cessaire \u00e0 la r\u00e9alisation de cabines ou de postes de contr\u00f4le, de machines sp\u00e9ciales, de containers, de diverses armoires, de coffrets de s\u00e9curit\u00e9, ainsi que de pupitres de commande. La t\u00f4lerie fine peut se d\u00e9finir comme \u00e9tant le secteur d&rsquo;usinage d&rsquo;\u00e9l\u00e9ments en t\u00f4le sur mesure, \u00e0 l&rsquo;aide de diff\u00e9rents proc\u00e9d\u00e9s techniques que nous \u00e9voquerons dans la suite de cet article. Tidee est une entreprise de m\u00e9tallerie qui dispose d&rsquo;une longue expertise et emploie des techniciens qualifi\u00e9s, experts de leur m\u00e9tier. Tidee vous propose l&rsquo;usinage de diff\u00e9rents mat\u00e9riaux, qu&rsquo;il s&rsquo;agisse de t\u00f4le fine d&rsquo;acier, d&rsquo;inox ou encore d&rsquo;aluminium. Nos process nous permettent \u00e0 la fois le respect des d\u00e9lais contractuels et la ma\u00eetrise des co\u00fbts pour les productions de pi\u00e8ces en s\u00e9rie de toutes tailles.<\/p>\t\t\n\t\t\t<h2>Tidee : une entreprise de m\u00e9tallerie disposant de moyens de production modernes et performants<\/h2>\t\t\n\t\t<p>Tidee a \u00e9quip\u00e9 ses ateliers de t\u00f4lerie industrielle de moyens de production modernes et vari\u00e9s permettant de traiter efficacement et dans les d\u00e9lais pr\u00e9vus, les diff\u00e9rentes commandes de ses clients. Nous vous proposons aussi bien de la t\u00f4lerie fine que des pi\u00e8ces \u00e0 plat ou de la t\u00f4lerie industrielle. Nos ateliers assurent aussi la chaudronnerie fine et les diff\u00e9rents types de <a href=\"https:\/\/dev.tidee.mob-ion.net\/index.php\/soudures-par-points-sur-lacier\/\">soudures TIG\/MIG<\/a>. La production s&rsquo;effectue sur notre propre parc, ce qui nous permet de traiter des demandes complexes au meilleur prix. Toutes les pi\u00e8ces peuvent \u00eatre r\u00e9alis\u00e9es sur mesure, de mani\u00e8re \u00e0 s&rsquo;adapter \u00e0 vos besoins.<\/p><p>Cisaillage, poin\u00e7onnage, d\u00e9coupe laser, mais aussi pliages des t\u00f4les et pliages sp\u00e9ciaux sont les principales t\u00e2ches assur\u00e9es dans nos ateliers. La d\u00e9coupe au laser, en particulier, permet l&rsquo;usinage sur mesure des diff\u00e9rentes pi\u00e8ces. Le laser dont est \u00e9quip\u00e9 la derni\u00e8re machine que nous venons d&rsquo;acqu\u00e9rir est pilot\u00e9 par ordinateur et offre une d\u00e9coupe d\u2019une extr\u00eame pr\u00e9cision. C&rsquo;est l&rsquo;un des p\u00f4les d&rsquo;expertise de notre secteur de t\u00f4lerie fine. Cette technique s&rsquo;applique aux diff\u00e9rents mat\u00e9riaux, qu&rsquo;elle permet de traiter avec rapidit\u00e9 et pr\u00e9cision. Parmi ses avantages, il faut citer l&rsquo;absence de d\u00e9formation de la t\u00f4le.<\/p>\t\t\n\t\t\t<h2>Le poin\u00e7onnage et le pliage : au coeur de la t\u00f4lerie industrielle<\/h2>\t\t\n\t\t<p>Au coeur des m\u00e9tiers de la t\u00f4lerie industrielle se trouvent aussi le poin\u00e7onnage et le <a href=\"https:\/\/dev.tidee.mob-ion.net\/index.php\/pliage-de-tole-industrielle\/\">pliage des pi\u00e8ces<\/a>. Les \u00e9quipes de Tidee sont \u00e0 m\u00eame d&rsquo;effectuer les pliages les plus simples comme les plus complexes. Le travail est particuli\u00e8rement pr\u00e9cis, gr\u00e2ce \u00e0 la comp\u00e9tence de nos op\u00e9rateurs et au pilotage par ordinateur. Acier, <a href=\"https:\/\/dev.tidee.mob-ion.net\/index.php\/la-tole-inox-un-materiau-specifique\/\">inox<\/a>, aluminium : toutes les t\u00f4les peuvent \u00eatre pli\u00e9es selon vos souhaits.<\/p><p>Concernant le poin\u00e7onnage, il consiste \u00e0 produire des trous dans la t\u00f4le pour la r\u00e9alisation sur mesure de formes complexes. Tidee utilise pour cela des poin\u00e7onneuses et des outillages d\u00e9di\u00e9s, qui nous permet de fournir aux clients une finition nette et pr\u00e9cise des pi\u00e8ces m\u00e9talliques command\u00e9es. Le poin\u00e7onnage est aujourd&rsquo;hui le proc\u00e9d\u00e9 qui s&rsquo;impose dans la t\u00f4lerie fine, puisqu&rsquo;il est plus rapide et plus fiable que le per\u00e7age.<\/p><p>La technique du poin\u00e7onnage se rapproche de celle du cisaillage, m\u00eame si elle doit en \u00eatre diff\u00e9renci\u00e9e. Le poin\u00e7onnage permet en effet la d\u00e9coupe de pi\u00e8ces aux formes complexes, r\u00e9alis\u00e9e sur des t\u00f4les d&rsquo;acier, d&rsquo;inox ou d&rsquo;aluminium. Dans la technique du cisaillage, des lames obliques d\u00e9coupent la feuille de m\u00e9tal selon un trac\u00e9 rectiligne.<\/p>\t\t\n\t\t\t<h2>T\u00f4lerie fine et t\u00f4lerie industrielle : pour qui ?<\/h2>\t\t\n\t\t<p>La t\u00f4lerie fine, secteur m\u00e9tallurgique de pointe, s&rsquo;adresse \u00e0 diff\u00e9rentes branches industrielles, parmi lesquelles l&rsquo;a\u00e9ronautique. Ainsi, la fabrication de pi\u00e8ces en t\u00f4le sur mesure s&rsquo;impose pour la r\u00e9alisation de bancs de test hydrauliques, d&rsquo;armoires de stockage pour les flexibles hydrauliques, de pupitres de contr\u00f4le des diff\u00e9rents circuits d&rsquo;air, de cabines de contr\u00f4le ou encore de pupitres de bain-marie pour pr\u00e9parer les mastics de l&rsquo;a\u00e9ronautique.<\/p><p>La t\u00f4le sur mesure est \u00e9galement incontournable dans le secteur de l&rsquo;industrie navale et pour tous les projets offshore. L&rsquo;industrie de la t\u00f4lerie fine fournit des pi\u00e8ces pour les b\u00e2timents de la marine marchande, des plateformes p\u00e9troli\u00e8res offshore, ou pour les \u00e9quipements des ports. On peut citer les cabines de guidage pour le forage, de la t\u00f4le sur mesure pour des armoires de s\u00e9curit\u00e9, des cabines pour grues, des pupitres de d\u00e9marrage moteur. Bien \u00e9videmment, le secteur de l&rsquo;industrie navale est confront\u00e9 \u00e0 des exigences extr\u00eames, pour lesquelles les pi\u00e8ces sont sp\u00e9cifiquement usin\u00e9es.<\/p><p>Les ateliers de t\u00f4lerie fine travaillent aussi pour le secteur ferroviaire, la d\u00e9fense, ou encore les producteurs et distributeurs d&rsquo;\u00e9nergie. L&rsquo;une des forces de l&rsquo;entreprise de m\u00e9tallurgie Tidee est de savoir \u00eatre \u00e0 l&rsquo;\u00e9coute de vos besoins et d&rsquo;adapter ses process industriels \u00e0 vos attentes.<\/p>","protected":false},"excerpt":{"rendered":"<p>La t\u00f4lerie industrielle tient une place de choix dans la m\u00e9tallurgie. Il s&rsquo;agit d&rsquo;un secteur qui r\u00e9pond aux besoins croissants des entreprises, \u00e0 qui elle fournit le mat\u00e9riau n\u00e9cessaire \u00e0 la r\u00e9alisation de cabines ou de postes de contr\u00f4le, de machines sp\u00e9ciales, de containers, de diverses armoires, de coffrets de s\u00e9curit\u00e9, ainsi que de pupitres&hellip; <br \/> <a class=\"button small blue\" href=\"https:\/\/dev.tidee.mob-ion.net\/index.php\/2019\/05\/18\/bonjour-tout-le-monde\/\">Lire la suite<\/a><\/p>\n","protected":false},"author":2,"featured_media":0,"parent":0,"menu_order":0,"comment_status":"closed","ping_status":"closed","template":"full-width-page.php","meta":{"footnotes":""},"class_list":["post-182","page","type-page","status-publish","hentry"],"yoast_head":"<!-- This site is optimized with the Yoast SEO plugin v27.5 - https:\/\/yoast.com\/product\/yoast-seo-wordpress\/ -->\n<title>T\u00f4le sur mesure : d\u00e9couvrez notre t\u00f4lerie industrielle - Tidee<\/title>\n<meta name=\"description\" content=\"Vous \u00eates \u00e0 la recherche d&#039;une entreprise de metallerie sp\u00e9cialis\u00e9e dans la t\u00f4lerie fine ? D\u00e9couvrez nos prestations sur mesure et d&#039;une pr\u00e9cision chirurgicale.\" \/>\n<meta name=\"robots\" content=\"index, follow, max-snippet:-1, max-image-preview:large, max-video-preview:-1\" \/>\n<link rel=\"canonical\" href=\"https:\/\/dev.tidee.mob-ion.net\/index.php\/tolerie-fine-sur-mesure\/\" \/>\n<meta property=\"og:locale\" content=\"fr_FR\" \/>\n<meta property=\"og:type\" content=\"article\" \/>\n<meta property=\"og:title\" content=\"T\u00f4le sur mesure : d\u00e9couvrez notre t\u00f4lerie industrielle - Tidee\" \/>\n<meta property=\"og:description\" content=\"Vous \u00eates \u00e0 la recherche d&#039;une entreprise de metallerie sp\u00e9cialis\u00e9e dans la t\u00f4lerie fine ? D\u00e9couvrez nos prestations sur mesure et d&#039;une pr\u00e9cision chirurgicale.\" \/>\n<meta property=\"og:url\" content=\"https:\/\/dev.tidee.mob-ion.net\/index.php\/tolerie-fine-sur-mesure\/\" \/>\n<meta property=\"og:site_name\" content=\"Tidee\" \/>\n<meta property=\"article:publisher\" content=\"https:\/\/www.facebook.com\/TideeTolerie\" \/>\n<meta property=\"article:modified_time\" content=\"2021-12-02T15:57:47+00:00\" \/>\n<meta name=\"twitter:card\" content=\"summary_large_image\" \/>\n<meta name=\"twitter:site\" content=\"@TideeTolerie\" \/>\n<meta name=\"twitter:label1\" content=\"Dur\u00e9e de lecture estim\u00e9e\" \/>\n\t<meta name=\"twitter:data1\" content=\"4 minutes\" \/>\n<script type=\"application\/ld+json\" class=\"yoast-schema-graph\">{\"@context\":\"https:\\\/\\\/schema.org\",\"@graph\":[{\"@type\":\"WebPage\",\"@id\":\"https:\\\/\\\/dev.tidee.mob-ion.net\\\/index.php\\\/tolerie-fine-sur-mesure\\\/\",\"url\":\"https:\\\/\\\/dev.tidee.mob-ion.net\\\/index.php\\\/tolerie-fine-sur-mesure\\\/\",\"name\":\"T\u00f4le sur mesure : d\u00e9couvrez notre t\u00f4lerie industrielle - Tidee\",\"isPartOf\":{\"@id\":\"https:\\\/\\\/dev.tidee.mob-ion.net\\\/#website\"},\"datePublished\":\"2019-11-06T13:16:34+00:00\",\"dateModified\":\"2021-12-02T15:57:47+00:00\",\"description\":\"Vous \u00eates \u00e0 la recherche d'une entreprise de metallerie sp\u00e9cialis\u00e9e dans la t\u00f4lerie fine ? D\u00e9couvrez nos prestations sur mesure et d'une pr\u00e9cision chirurgicale.\",\"breadcrumb\":{\"@id\":\"https:\\\/\\\/dev.tidee.mob-ion.net\\\/index.php\\\/tolerie-fine-sur-mesure\\\/#breadcrumb\"},\"inLanguage\":\"fr-FR\",\"potentialAction\":[{\"@type\":\"ReadAction\",\"target\":[\"https:\\\/\\\/dev.tidee.mob-ion.net\\\/index.php\\\/tolerie-fine-sur-mesure\\\/\"]}]},{\"@type\":\"BreadcrumbList\",\"@id\":\"https:\\\/\\\/dev.tidee.mob-ion.net\\\/index.php\\\/tolerie-fine-sur-mesure\\\/#breadcrumb\",\"itemListElement\":[{\"@type\":\"ListItem\",\"position\":1,\"name\":\"Accueil\",\"item\":\"https:\\\/\\\/dev.tidee.mob-ion.net\\\/\"},{\"@type\":\"ListItem\",\"position\":2,\"name\":\"T\u00f4lerie fine sur mesure\"}]},{\"@type\":\"WebSite\",\"@id\":\"https:\\\/\\\/dev.tidee.mob-ion.net\\\/#website\",\"url\":\"https:\\\/\\\/dev.tidee.mob-ion.net\\\/\",\"name\":\"Tidee tolerie fine m\u00e9tallerie\",\"description\":\"\",\"publisher\":{\"@id\":\"https:\\\/\\\/dev.tidee.mob-ion.net\\\/#organization\"},\"potentialAction\":[{\"@type\":\"SearchAction\",\"target\":{\"@type\":\"EntryPoint\",\"urlTemplate\":\"https:\\\/\\\/dev.tidee.mob-ion.net\\\/?s={search_term_string}\"},\"query-input\":{\"@type\":\"PropertyValueSpecification\",\"valueRequired\":true,\"valueName\":\"search_term_string\"}}],\"inLanguage\":\"fr-FR\"},{\"@type\":\"Organization\",\"@id\":\"https:\\\/\\\/dev.tidee.mob-ion.net\\\/#organization\",\"name\":\"Tidee\",\"url\":\"https:\\\/\\\/dev.tidee.mob-ion.net\\\/\",\"logo\":{\"@type\":\"ImageObject\",\"inLanguage\":\"fr-FR\",\"@id\":\"https:\\\/\\\/dev.tidee.mob-ion.net\\\/#\\\/schema\\\/logo\\\/image\\\/\",\"url\":\"https:\\\/\\\/dev.tidee.mob-ion.net\\\/wp-content\\\/uploads\\\/2019\\\/05\\\/tidee-logotype-basse-def.jpg\",\"contentUrl\":\"https:\\\/\\\/dev.tidee.mob-ion.net\\\/wp-content\\\/uploads\\\/2019\\\/05\\\/tidee-logotype-basse-def.jpg\",\"width\":474,\"height\":498,\"caption\":\"Tidee\"},\"image\":{\"@id\":\"https:\\\/\\\/dev.tidee.mob-ion.net\\\/#\\\/schema\\\/logo\\\/image\\\/\"},\"sameAs\":[\"https:\\\/\\\/www.facebook.com\\\/TideeTolerie\",\"https:\\\/\\\/x.com\\\/TideeTolerie\",\"https:\\\/\\\/www.linkedin.com\\\/company\\\/19162475\\\/\"]}]}<\/script>\n<!-- \/ Yoast SEO plugin. -->","yoast_head_json":{"title":"T\u00f4le sur mesure : d\u00e9couvrez notre t\u00f4lerie industrielle - Tidee","description":"Vous \u00eates \u00e0 la recherche d'une entreprise de metallerie sp\u00e9cialis\u00e9e dans la t\u00f4lerie fine ? D\u00e9couvrez nos prestations sur mesure et d'une pr\u00e9cision chirurgicale.","robots":{"index":"index","follow":"follow","max-snippet":"max-snippet:-1","max-image-preview":"max-image-preview:large","max-video-preview":"max-video-preview:-1"},"canonical":"https:\/\/dev.tidee.mob-ion.net\/index.php\/tolerie-fine-sur-mesure\/","og_locale":"fr_FR","og_type":"article","og_title":"T\u00f4le sur mesure : d\u00e9couvrez notre t\u00f4lerie industrielle - Tidee","og_description":"Vous \u00eates \u00e0 la recherche d'une entreprise de metallerie sp\u00e9cialis\u00e9e dans la t\u00f4lerie fine ? D\u00e9couvrez nos prestations sur mesure et d'une pr\u00e9cision chirurgicale.","og_url":"https:\/\/dev.tidee.mob-ion.net\/index.php\/tolerie-fine-sur-mesure\/","og_site_name":"Tidee","article_publisher":"https:\/\/www.facebook.com\/TideeTolerie","article_modified_time":"2021-12-02T15:57:47+00:00","twitter_card":"summary_large_image","twitter_site":"@TideeTolerie","twitter_misc":{"Dur\u00e9e de lecture estim\u00e9e":"4 minutes"},"schema":{"@context":"https:\/\/schema.org","@graph":[{"@type":"WebPage","@id":"https:\/\/dev.tidee.mob-ion.net\/index.php\/tolerie-fine-sur-mesure\/","url":"https:\/\/dev.tidee.mob-ion.net\/index.php\/tolerie-fine-sur-mesure\/","name":"T\u00f4le sur mesure : d\u00e9couvrez notre t\u00f4lerie industrielle - Tidee","isPartOf":{"@id":"https:\/\/dev.tidee.mob-ion.net\/#website"},"datePublished":"2019-11-06T13:16:34+00:00","dateModified":"2021-12-02T15:57:47+00:00","description":"Vous \u00eates \u00e0 la recherche d'une entreprise de metallerie sp\u00e9cialis\u00e9e dans la t\u00f4lerie fine ? D\u00e9couvrez nos prestations sur mesure et d'une pr\u00e9cision chirurgicale.","breadcrumb":{"@id":"https:\/\/dev.tidee.mob-ion.net\/index.php\/tolerie-fine-sur-mesure\/#breadcrumb"},"inLanguage":"fr-FR","potentialAction":[{"@type":"ReadAction","target":["https:\/\/dev.tidee.mob-ion.net\/index.php\/tolerie-fine-sur-mesure\/"]}]},{"@type":"BreadcrumbList","@id":"https:\/\/dev.tidee.mob-ion.net\/index.php\/tolerie-fine-sur-mesure\/#breadcrumb","itemListElement":[{"@type":"ListItem","position":1,"name":"Accueil","item":"https:\/\/dev.tidee.mob-ion.net\/"},{"@type":"ListItem","position":2,"name":"T\u00f4lerie fine sur mesure"}]},{"@type":"WebSite","@id":"https:\/\/dev.tidee.mob-ion.net\/#website","url":"https:\/\/dev.tidee.mob-ion.net\/","name":"Tidee tolerie fine m\u00e9tallerie","description":"","publisher":{"@id":"https:\/\/dev.tidee.mob-ion.net\/#organization"},"potentialAction":[{"@type":"SearchAction","target":{"@type":"EntryPoint","urlTemplate":"https:\/\/dev.tidee.mob-ion.net\/?s={search_term_string}"},"query-input":{"@type":"PropertyValueSpecification","valueRequired":true,"valueName":"search_term_string"}}],"inLanguage":"fr-FR"},{"@type":"Organization","@id":"https:\/\/dev.tidee.mob-ion.net\/#organization","name":"Tidee","url":"https:\/\/dev.tidee.mob-ion.net\/","logo":{"@type":"ImageObject","inLanguage":"fr-FR","@id":"https:\/\/dev.tidee.mob-ion.net\/#\/schema\/logo\/image\/","url":"https:\/\/dev.tidee.mob-ion.net\/wp-content\/uploads\/2019\/05\/tidee-logotype-basse-def.jpg","contentUrl":"https:\/\/dev.tidee.mob-ion.net\/wp-content\/uploads\/2019\/05\/tidee-logotype-basse-def.jpg","width":474,"height":498,"caption":"Tidee"},"image":{"@id":"https:\/\/dev.tidee.mob-ion.net\/#\/schema\/logo\/image\/"},"sameAs":["https:\/\/www.facebook.com\/TideeTolerie","https:\/\/x.com\/TideeTolerie","https:\/\/www.linkedin.com\/company\/19162475\/"]}]}},"_links":{"self":[{"href":"https:\/\/dev.tidee.mob-ion.net\/index.php\/wp-json\/wp\/v2\/pages\/182","targetHints":{"allow":["GET"]}}],"collection":[{"href":"https:\/\/dev.tidee.mob-ion.net\/index.php\/wp-json\/wp\/v2\/pages"}],"about":[{"href":"https:\/\/dev.tidee.mob-ion.net\/index.php\/wp-json\/wp\/v2\/types\/page"}],"author":[{"embeddable":true,"href":"https:\/\/dev.tidee.mob-ion.net\/index.php\/wp-json\/wp\/v2\/users\/2"}],"replies":[{"embeddable":true,"href":"https:\/\/dev.tidee.mob-ion.net\/index.php\/wp-json\/wp\/v2\/comments?post=182"}],"version-history":[{"count":9,"href":"https:\/\/dev.tidee.mob-ion.net\/index.php\/wp-json\/wp\/v2\/pages\/182\/revisions"}],"predecessor-version":[{"id":296,"href":"https:\/\/dev.tidee.mob-ion.net\/index.php\/wp-json\/wp\/v2\/pages\/182\/revisions\/296"}],"wp:attachment":[{"href":"https:\/\/dev.tidee.mob-ion.net\/index.php\/wp-json\/wp\/v2\/media?parent=182"}],"curies":[{"name":"wp","href":"https:\/\/api.w.org\/{rel}","templated":true}]}}